t of p?
0
Suppose -2*z = -3*p + 527, -p - 25*z + 22*z + 194 = 0. What is the units digit of p?
9
Let r(h) = -h**3 + 8*h**2 - 7*h + 2. Let y be r(7). Suppose -3*f - y*f + 20 = 0. What is the tens digit of f/((-4)/3) - -45?
4
What is the thousands digit of (2581 - -9) + (-3 - (-8 - -5))?
2
Let m be -6*3/12 + 2/(-4). What is the units digit of 211/2 + m + 3/6?
4
Let a(j) = 145*j**3 - j**2 + 2*j - 1. Let m be a(1). Let h = m + -83. Let t = h - 40. What is the units digit of t?
2
Let t be 8 - (-2 - (-3 + 4)). Let x(d) = -t - 7*d + 15 + 4 - d**2. What is the units digit of x(-6)?
4
Suppose 5*f - 2990 = 730. What is the hundreds digit of f?
7
Let o(f) be the second derivative of -2*f**3/3 + 3*f**2 - f. Let p(q) = 5*q - 1. Let b be p(-1). What is the tens digit of o(b)?
3
Suppose 5*d = 3*y - 95, -3*d = -d - 5*y + 57. What is the units digit of 81 + 1 + 15 + d?
1
Let z(h) = -2*h - 9. Let f be (0 + (-10)/6)*9. What is the tens digit of z(f)?
2
Suppose 0 = 5*d + 3*b - 1916 - 5528, d + 3*b - 1496 = 0. What is the units digit of d?
7
Let l be -346*((-8)/4 - 7). Let m = 639 - l. What is the tens digit of m/(-63) + 4/(-14)?
3
Suppose -4*x + 5*g = -60, 4*g - g = -x + 15. Suppose 90 - x = -q. Let b = -54 - q. What is the tens digit of b?
2
Suppose -3*x + 2 = 8. Let q = x - -5. Suppose -2*a - h = -4*h - 9, 30 = q*a + h. What is the units digit of a?
9
Let h be -1 + (4 - 2) + 5. Suppose 9*x - h*x = 0. Suppose x*k - 3*k = -15. What is the units digit of k?
5
What is the units digit of (-8)/12 - 12512/(-12)?
2
Let d = -27 + 19. Let q be (-12)/8*d/6. Suppose -h - q = -30. What is the tens digit of h?
2
Let x be (-2 - -2) + -4 - 77. Let f = x + 101. What is the tens digit of f?
2
Suppose -4*x = 15 - 3. What is the units digit of (5 + x)/(21/(-9) + 3)?
3
Let q = -19 - -19. Suppose -2 = -v - p, q = -5*v - 2*p + 7*p + 20. Suppose -v*f = 12, -4*s + 88 + 60 = 3*f. What is the tens digit of s?
4
Let i = 7244 + -2862. What is the units digit of i?
2
Let u(s) be the first derivative of s**2/2 + 9*s + 14. What is the units digit of u(-6)?
3
Let n(u) = 2*u**2 + 7*u + 19. Suppose -18 = 3*a + 21. What is the units digit of n(a)?
6
Let q = 163 - 83. Suppose 3*u = -u + q. Suppose -2*v = -5*j + u, 0*v = -j + 2*v + 4. What is the units digit of j?
4
Let a(d) = 8*d**3 - 8*d**2 + 4*d - 7. Let c(y) = 9*y**3 - 9*y**2 + 4*y - 8. Let g(t) = 5*a(t) - 4*c(t). What is the tens digit of g(2)?
2
What is the tens digit of (-3 - (-8565)/25) + (-4)/(-10)?
4
Let s = 61 + -33. Suppose -3*y = -y + s. What is the units digit of (-28)/y + (0 - 1)?
1
Let k(u) = -u**2 - 14*u + 17. What is the units digit of k(-15)?
2
Let r(u) = u + 3*u + 12 - u - 5*u. Let v be r(5). Let c(a) = 8*a + 1. What is the tens digit of c(v)?
1
Let u be 69/46*(-76)/6. Let k = u - -18. What is the units digit of (25/k)/(7/(-14))?
0
Let f be 3/18 - (0 - 2193/18). Suppose -2*s + 3*s = f. What is the hundreds digit of s?
1
Suppose -1297*t = -1296*t - 1787. What is the hundreds digit of t?
7
Let h be 1/(3/24)*(-2)/(-8). What is the units digit of (-165)/(-12) + (-7)/4 + h?
4
Let v(t) be the first derivative of -t**3/3 + t**2/2 + 70*t + 2. Let n be v(0). Let a = n + -35. What is the units digit of a?
5
Suppose 3*z + 262 = 2*a, 0 = -5*a - 5*z + z + 609. What is the units digit of a?
5
Let w be (-2022)/(8/(-4)) - -3. Suppose -5*t + w = t. What is the hundreds digit of t?
1
What is the hundreds digit of (535/(-40)*2)/(2/(-8))?
1
Let f = -17 - -17. Suppose f = 8*k - 3*k - 405. What is the units digit of k?
1
Let n(j) = j**2 - 4*j + 3. Let q be n(4). Let r(s) = -18*s - q*s**2 - 2*s - 29 + 10 + 2*s**2. What is the tens digit of r(-13)?
7
Let y = -115 - -122. What is the units digit of 30/105 - (-551)/y?
9
Suppose -3*z = 4*d - 1330, 10*z - 3*d - 1365 = 7*z. What is the tens digit of z?
5
Suppose w + 5*r = -1 - 7, 0 = -4*w + 5*r + 18. Let k(d) = -15*d**2 + 2*d - 2. Let s be k(w). Let j = 97 + s. What is the tens digit of j?
3
Suppose -3*g = 2*g + 6205. Let q = g + -175. What is the units digit of ((-2)/6)/(8/q)?
9
Suppose 0 = -4*i + 12, 2*d - 4*i - 879 = 697. What is the tens digit of d?
9
Let g = -9 + 29. Suppose 0 = -3*n - 3*k - k - g, 2*n + 2*k = -10. Suppose -4*z + p + 11 = n, -2*z - 3*p - 4 = -13. What is the units digit of z?
3
Let y be -2 + 2 + 6 + 0. Suppose -y*b = -3*b. Suppose 3*d - d - n - 61 = b, -3*d = -2*n - 92. What is the tens digit of d?
3
Suppose -s = m - 2619, -23*s + 18*s + m = -13083. What is the thousands digit of s?
2
Suppose -3*u = 5*c - u - 60, -4*u = c - 12. Let r = c + -12. Suppose 0 = 4*z + l - 49, z = -r*l + l + 16. What is the units digit of z?
3
Let x be -3*(-1)/15 + 136/20. Suppose 4*n - 4*j - 4 = 0, 3*j - x*j + 11 = -n. What is the units digit of n?
5
Let d = 4370 + -769. What is the units digit of d?
1
What is the tens digit of (18/(-15))/((-99)/23100)?
8
Let m = -102 + 70. Let k be 16*(4 - (-2 + 7)). Let f = k - m. What is the units digit of f?
6
Let f(p) = p**2 - 29*p - 74. What is the tens digit of f(-18)?
7
Let j = 801 + -444. What is the hundreds digit of j?
3
Let o(t) = 10*t**2 + 24*t + 11. What is the tens digit of o(-10)?
7
Suppose 4*q - 97 = -9. Suppose q + 20 = m. Let w = m + -29. What is the tens digit of w?
1
Let w = 12 + -9. Suppose 0*c + t = -c - 2, w*c = -5*t - 10. Suppose 4*v - 6 - 102 = c. What is the units digit of v?
7
Suppose 0 = -5*t - 8 - 2, -38 = -5*s + 4*t. Suppose -m = -s*m. Suppose 2*f = k + 24, -f + 34 = -m*f + 5*k. What is the tens digit of f?
1
Let q = 34 - -73. Let m = q - 2. What is the tens digit of m?
0
What is the thousands digit of ((-44790)/12)/(15/(-12))?
2
Suppose -12*q - 1005 = -11793. Suppose 131 = 5*k - q. What is the units digit of k?
6
Let b = 655 + -316. What is the tens digit of b?
3
Let v(d) = -9*d + 57. Let l be v(-19). Suppose -26*w + 23*w = -l. What is the units digit of w?
6
Let p = -25 + 19. Let u(d) = -4*d - 4*d + 13 + d**2 + d - 20. What is the tens digit of u(p)?
7
Let b be 882/4 - (-2)/(-4). Suppose -4*v - b = -9*v. What is the units digit of v?
4
Suppose -3*r = -2*r - 7. Let n be 216/42 + (-1)/r. What is the units digit of ((-7)/5)/((-1)/n)?
7
Let q(o) = -2*o**3 - 9*o**2 - 5*o. Suppose 0 = 3*p, 5*x - 2*p + 35 = -3*p. Let c be q(x). What is the tens digit of (-1)/(c/284 + -1)?
7
Suppose t - 13 = 3*z + 1, z + 2*t = 7. What is the tens digit of (-3 - 192)/(-3) + z + 1?
6
Let o(w) = 6*w - 50. Let s be o(10). What is the units digit of (s/(-12))/((-3)/18)*8?
0
Suppose 0 = 4*x - 2893 - 531. What is the hundreds digit of x?
8
Suppose 5*z = 69 + 56. Suppose -z = -c - 4. Suppose 3 = -3*h + c. What is the units digit of h?
6
Let m = 8 + 3. Let o(j) = j**2 - 7*j - 5. What is the tens digit of o(m)?
3
Let q = 0 - 0. Suppose -8 = -4*a - 5*n, 4*a + 3*n + 1 = 9. Suppose q = -3*v + 3*u + 40 + 38, -37 = -a*v - u. What is the tens digit of v?
2
Let o(i) = -i**3 - 6*i**2 + 9*i + 17. Let u be o(-7). Suppose -695 = u*x - 7*x + m, 4*x - 715 = -3*m. What is the hundreds digit of x?
1
Let m = -59 - -59. Suppose m*b = b - 4*i - 243, 5*b - 5*i - 1275 = 0. What is the hundreds digit of b?
2
Let v(x) = x**3 + 3*x**2 + 2*x. Let f be v(-2). Let w be 2 + f + (-5)/(-5). Suppose 0 = -w*i - i + 40. What is the units digit of i?
0
Let m(p) = 10*p**2 - 2*p - 62. What is the tens digit of m(-10)?
5
Let n be (1 - 1)/(3 - 2). Suppose 0 = 3*p - n*p + 39. Let a(o) = o**2 + 11*o - 3. What is the tens digit of a(p)?
2
Let g(p) = 14*p**2 - p. Let d = 6 - 8. What is the tens digit of g(d)?
5
What is the hundreds digit of 53044/267 - 2/(-6)?
1
Let q be 0 + 13 + (-1 - 0)*-2. What is the hundreds digit of q/(-10)*(-2 + 272/(-3))?
1
Let p(w) = -19 - 116*w**3 + 3 + 115*w**3 + 4*w - 8*w**2. What is the units digit of p(-10)?
4
Let z(u) = u**3 - 11*u**2 - 11*u - 10. Let j be z(12). Suppose x + i - 274 = -j*x, 0 = -4*i + 16. What is the units digit of x?
0
Let t(w) = -137*w + 272. What is the tens digit of t(-16)?
6
Let z be (-2)/5*(7 - -3) - -242. Let y = 472 - z. What is the tens digit of y?
3
Let a(t) = -71*t - 10 + 31*t - 12*t. What is the units digit of a(-5)?
0
Let w(k) = 12*k - 12. Suppose 0*v = v - 19. Suppose -v = -4*i + 1. What is the tens digit of w(i)?
4
Suppose 5*n - 18 = 22. Suppose -r - 2*z - n = -6*z, 4*r - z = -2. Suppose 0 = 2*x - r*x - 38. What is the units digit of x?
9
Let p = -2